, 13
Suppose -g - 2*g + x + 8 = 0, 4*x = -5*g + 2. Suppose -w + g*w = 3. List the prime factors of -3*w/(-9)*2.
2
Suppose -5*v + 1 + 4 = 0. Suppose 4*i - 3 - v = 0. Suppose -l + 1 = -i. List the prime factors of l.
2
Suppose -2*k - 23 = w, -2*k - 8 - 12 = -2*w. Let a = 20 + k. What are the prime factors of a?
3
Let g(a) be the first derivative of -a**5/60 + 5*a**4/24 + 5*a**3/6 - a**2/2 + 3. Let r(f) be the second derivative of g(f). List the prime factors of r(5).
5
Let g = 4 + -4. Suppose g = -0*q + q - 12. What are the prime factors of q?
2, 3
Suppose -4*q = c + 31, 2*c + 4*q + 52 = 6. What are the prime factors of (6 + -1)*(-48)/c?
2
Let k = 121 + -66. What are the prime factors of k?
5, 11
Let n(t) = t - 6 + 1 + 0*t. Let l be n(9). Suppose 14 = d - 4*u, 2*u + 48 = 5*d + l*u. List the prime factors of d.
2, 5
Suppose n = -n - 12. List the prime factors of 8/n*(-18)/4.
2, 3
Let d(m) = m**3 - 4*m**2 + m - 2. Let h be d(4). List the prime factors of -4*h/10*-5.
2
Let k(a) be the second derivative of -a**5/120 - 5*a**4/24 - a**3/6 + 2*a. Let f(y) be the second derivative of k(y). What are the prime factors of f(-7)?
2
Let t(y) = -y + 10. Let n be t(10). Suppose n = -0*u + 2*u - 22. What are the prime factors of u?
11
Let h = -11 - -22. What are the prime factors of h?
11
Suppose 5*u + 55 = 5*m, -2*u + 5*u = -m - 9. Suppose -4*q + 18 - m = 0. What are the prime factors of q?
3
Suppose x + 2*w - 4*w + 3 = 0, 11 = -x + 4*w. Suppose -x*g + 6 = -164. List the prime factors of g.
2, 17
Suppose -5*f - 5*x = -20, -4*f + 5*x = -f - 4. Suppose -2*o - f*o - 44 = -g, -56 = -2*g + 2*o. What are the prime factors of g?
2, 3
Suppose -68 = -4*z - 0*z. Let j = -4 - 1. Let p = j + z. List the prime factors of p.
2, 3
Let b = 293 + -189. List the prime factors of b.
2, 13
Let u(m) = -m**3 + m**2 - 2. Let d be u(0). Suppose 9*n - 6 - 30 = 0. Let x = n + d. List the prime factors of x.
2
Suppose -g - l + 5 = 0, 2*g + 3*g - 25 = l. Suppose -3*o + x + x = -17, 3*o - 20 = g*x. List the prime factors of o.
5
Suppose 3*g + g - 92 = 0. List the prime factors of g.
23
Suppose 5*j = -4*k - 20, 3*j + 12 = -3*k + 6*k. Suppose -g - 3 + 5 = k. Suppose u = 1 + g. What are the prime factors of u?
3
Suppose 0 = -4*k + 3*l + 11, 0*l - l + 23 = 4*k. List the prime factors of k.
5
Let j be (-2)/(-4) - 398/(-4). Suppose 3*u - 50 = 2*g - g, -5*g = -5*u + j. What are the prime factors of u?
3, 5
Let q = 292 - 89. What are the prime factors of q?
7, 29
Let x = 7 - 2. Let f(j) = j**2 + 2. Let g be f(x). Suppose h = -2*h + g. What are the prime factors of h?
3
Suppose 5*d + 110 = 660. Suppose b = 4*a - d, -5*a = -3*a + 2*b - 50. What are the prime factors of a?
3
Let g(t) = 15*t - 1. Let i be g(-1). Let j = 114 - i. What are the prime factors of 3/4 - j/(-8)?
17
Let d(w) = -w**3 + 8*w**2 - 4*w + 3. List the prime factors of d(4).
3, 17
Let m be (-1)/5 - 57/15. List the prime factors of (m/(-5))/(10/25).
2
Suppose -z - 5 + 72 = 0. What are the prime factors of z?
67
Let p = 13 + 15. List the prime factors of p.
2, 7
Let h = 8 - 5. Suppose -3*u = -2*u + q - 7, 3*u = h*q + 21. What are the prime factors of u?
7
Let b be ((-3)/2)/((-4)/56). Suppose -s - 5 = -4*n - 4*s, 0 = -5*n - 4*s + 6. Suppose -2*i = -4*f - b - 5, n*f + 23 = 3*i. What are the prime factors of i?
5
Let f(q) = -q**3 - q**2 + 2*q - 1. Let r be f(1). Let s(m) = 7*m**2 - m - 1. List the prime factors of s(r).
7
List the prime factors of 2 - (2 + 2 + -37).
5, 7
Suppose 5*u = 11*u - 822. List the prime factors of u.
137
Suppose -f - 3 = -1. What are the prime factors of (68/8)/(f/(-4))?
17
What are the prime factors of 20/6*(-6)/(-4)?
5
Suppose -y = -19 - 67. List the prime factors of y.
2, 43
Suppose 21 = -0*p + 3*p + n, 0 = 3*n + 9. Suppose 6*q + p = 170. List the prime factors of q.
3
Suppose 0 = g - 2 - 2. Suppose -g*s + 92 = 4*w, -5*w - 3 = 2*s - 118. What are the prime factors of w?
23
Let o(q) = q**2 + 4*q + 6. Let d be o(-6). Let h = d - 13. List the prime factors of h.
5
Let v(k) = 7*k**3 - 7*k**2 - 27*k + 3. Let q(g) = 3*g**3 - 4*g**2 - 13*g + 1. Let j(l) = -9*q(l) + 4*v(l). What are the prime factors of j(-6)?
3, 7
Suppose 0*r - 6 = -4*d - 2*r, -5*r + 5 = 5*d. Suppose -m = d*s - 2*m + 1, 5*m = s - 4. Let t = 1 - s. What are the prime factors of t?
2
Let u(q) = 2*q**3 + q - 2. Let c be -3*(-1)/(9/6). What are the prime factors of u(c)?
2
Let z(u) = 74*u**2 + u - 1. List the prime factors of z(1).
2, 37
Let r = 30 - 10. What are the prime factors of r?
2, 5
Let n(g) = -g**2 + 6*g - 4. Let k be n(4). Suppose -24 = 2*w - 6*w - 4*d, k*w - 2*d - 12 = 0. Suppose w*h + 3 - 39 = 0. List the prime factors of h.
3
Let w(l) be the first derivative of l**3/3 - l**2/2 + 6*l + 2. What are the prime factors of w(0)?
2, 3
Suppose 0 = 4*y + 4*z - 28, -6 = 3*y - y - 2*z. Suppose y*l + 38 = 2*k + k, 0 = -5*k + l + 61. List the prime factors of k.
2, 3
Suppose 0*g = -g + 24. Let v = 53 - g. List the prime factors of v.
29
Let m(k) be the second derivative of k**3/6 + 6*k**2 - 6*k. Let j = -8 - -2. What are the prime factors of m(j)?
2, 3
Let w be (-7)/(-1) - 6/3. Suppose -1 + w = u. List the prime factors of u.
2
Let l be -2 - (3 - 11) - 1. Let w(s) = -s + 10. Let m be w(l). Let d = 10 + m. What are the prime factors of d?
3, 5
Let y be ((-4)/8)/((-1)/22). Suppose y*w + 98 = 13*w. List the prime factors of w.
7
Let u(n) = 45*n**2 + 2*n - 2. What are the prime factors of u(1)?
3, 5
Let y(m) = m**2 + 3*m - 7. Let l be y(-6). Let p(x) = -x**3 + 10*x**2 + 14*x - 15. What are the prime factors of p(l)?
2, 3
Suppose -m - 17 = 3*u - 94, 5*u + 121 = 2*m. List the prime factors of m.
2, 17
Let z(y) = y + 34. What are the prime factors of z(0)?
2, 17
Suppose 3*i + q + 2 - 15 = 0, 0 = -i - 3*q + 15. Suppose -3*k - 11 = -3*l + 2*l, -5*k - 23 = -2*l. Let j = l - i. List the prime factors of j.
11
Let l = -2 - -4. Let a be (-11)/9 + 10/45. What are the prime factors of 20/l + a + 3?
2, 3
Suppose 16 = 5*k - 3*k. List the prime factors of k.
2
Let b be (-5 - -2)*(-10)/15. Suppose 3*x = -x + 20. Suppose 0 = b*j - 3*j - x, 0 = -2*u - 4*j + 4. What are the prime factors of u?
2, 3
Let k(g) = g**3 - 5*g + 6. Let m be -1 + (6/3 - -2). List the prime factors of k(m).
2, 3
Let g(t) = t**3 - 2*t**2 - 7*t + 8. List the prime factors of g(5).
2, 3
Let x = 4 - 2. Suppose -s + 4*w = -0*w, 0 = -x*w. Suppose -i = -s*r + r - 14, -4*r + 46 = -i. What are the prime factors of r?
2, 3
Let w = 660 - 384. What are the prime factors of w?
2, 3, 23
Suppose -2 - 2 = -m - s, 4*m + 3*s - 18 = 0. Suppose m*x - 3*x = 57. Let p = -11 + x. What are the prime factors of p?
2
Suppose 0*p - 2*p + 40 = 4*m, 0 = -2*p. Suppose o - m = -2. What are the prime factors of o?
2
Let a be 1/3 - (-1)/(-3). Let v = a - -6. Suppose 3*q - v = q. List the prime factors of q.
3
Suppose 4*t - 21 = -3*s + 1, 15 = -3*t. Let a = s - 9. What are the prime factors of a?
5
Suppose -2*s + j + 7 = 0, 2*s - 2*j - 6 = -0. Suppose s = -r + 6. Suppose 5*y - 22 = 3*y - u, y = -r*u + 11. List the prime factors of y.
11
Let k(z) = 4*z**3 + z - 2. What are the prime factors of k(2)?
2
Let o be 4/6 - (-2)/6. Let d = o - -15. Suppose p = -p + d. List the prime factors of p.
2
Let l(g) = -6*g - 11. Let h be l(-6). Suppose 3*x - h = 71. List the prime factors of x.
2
What are the prime factors of 508/10 - (-4)/20?
3, 17
Suppose 69 = 4*t - h - 87, -5*t - 3*h + 212 = 0. What are the prime factors of t?
2, 5
Suppose -3*h - 18 = 4*p, p + 4*p = -2*h - 26. Let z(j) = -j. Let q(t) = 4*t + 8. Let c(r) = -q(r) - z(r). What are the prime factors of c(p)?
2, 5
Let z(m) = 116*m**2 - 4*m + 3. What are the prime factors of z(1)?
5, 23
Let u = 30 - -16. List the prime factors of u.
2, 23
Let y(q) = -9*q + 0 + 1 - 3. Let v be y(-2). Suppose 5*w - 7*w - v = -r, -5*r + w + 53 = 0. What are the prime factors of r?
2, 5
Suppose -3*j + 21 + 10 = a, j - 13 = -3*a. What are the prime factors of j + (-4 + 2 - -3)?
11
Let v(h) = 5*h + 5 - 4 - 3*h + 0*h. Let f be v(-1). What are the prime factors of 7 - 1/1 - f?
7
List the prime factors of 4 + (80/(-3))/((-15)/90).
2, 41
Let n(d) = -d**2 + 10*d - 6. What are the prime factors of n(7)?
3, 5
Let k(m) = -m**3 + 4*m**2 + 9*m - 2. Let p be k(6). Suppose s = 5*g + 48, 4*g - 100 = -4*s + g. Let u = 